451
What are the prime factors of 145560?
2, 3, 5, 1213
List the prime factors of 65245.
5, 13049
List the prime factors of 924.
2, 3, 7, 11
List the prime factors of 4577.
23, 199
List the prime factors of 189239.
189239
List the prime factors of 336.
2, 3, 7
List the prime factors of 9.
3
List the prime factors of 51129.
3, 13, 19, 23
List the prime factors of 6040.
2, 5, 151
What are the prime factors of 6935?
5, 19, 73
What are the prime factors of 5878?
2, 2939
What are the prime factors of 22094?
2, 11047
What are the prime factors of 1385?
5, 277
List the prime factors of 1351.
7, 193
List the prime factors of 3627.
3, 13, 31
List the prime factors of 92991.
3, 139, 223
List the prime factors of 301.
7, 43
What are the prime factors of 12991?
11, 1181
What are the prime factors of 628?
2, 157
What are the prime factors of 4818?
2, 3, 11, 73
What are the prime factors of 34359?
3, 13, 881
What are the prime factors of 1174?
2, 587
What are the prime factors of 1896?
2, 3, 79
List the prime factors of 9935.
5, 1987
List the prime factors of 99166.
2, 179, 277
List the prime factors of 32906.
2, 16453
List the prime factors of 4167.
3, 463
List the prime factors of 633.
3, 211
List the prime factors of 10925.
5, 19, 23
List the prime factors of 892.
2, 223
What are the prime factors of 9269?
13, 23, 31
What are the prime factors of 351?
3, 13
What are the prime factors of 22741?
22741
List the prime factors of 766.
2, 383
What are the prime factors of 42753?
3, 14251
What are the prime factors of 6154?
2, 17, 181
List the prime factors of 1123.
1123
List the prime factors of 17615.
5, 13, 271
What are the prime factors of 1221?
3, 11, 37
What are the prime factors of 7840?
2, 5, 7
What are the prime factors of 822?
2, 3, 137
What are the prime factors of 1870?
2, 5, 11, 17
What are the prime factors of 98?
2, 7
List the prime factors of 22591.
19, 29, 41
What are the prime factors of 98173?
19, 5167
What are the prime factors of 15682?
2, 7841
What are the prime factors of 3717?
3, 7, 59
List the prime factors of 1168.
2, 73
What are the prime factors of 1428?
2, 3, 7, 17
List the prime factors of 442.
2, 13, 17
What are the prime factors of 91024?
2, 5689
List the prime factors of 179.
179
What are the prime factors of 12257?
7, 17, 103
What are the prime factors of 6254?
2, 53, 59
What are the prime factors of 892?
2, 223
What are the prime factors of 1001?
7, 11, 13
What are the prime factors of 1210?
2, 5, 11
What are the prime factors of 25833?
3, 79, 109
List the prime factors of 31329.
3, 59
List the prime factors of 83198.
2, 17, 2447
What are the prime factors of 3686?
2, 19, 97
What are the prime factors of 3787?
7, 541
What are the prime factors of 10140?
2, 3, 5, 13
What are the prime factors of 11964?
2, 3, 997
List the prime factors of 2102.
2, 1051
What are the prime factors of 488?
2, 61
What are the prime factors of 1829?
31, 59
What are the prime factors of 3609?
3, 401
List the prime factors of 37737.
3, 7, 599
What are the prime factors of 8920?
2, 5, 223
What are the prime factors of 7340?
2, 5, 367
What are the prime factors of 26517?
3, 8839
What are the prime factors of 821?
821
What are the prime factors of 41788?
2, 31, 337
What are the prime factors of 48882?
2, 3, 8147
List the prime factors of 4046.
2, 7, 17
What are the prime factors of 1382?
2, 691
List the prime factors of 2022.
2, 3, 337
What are the prime factors of 4619?
31, 149
List the prime factors of 12205.
5, 2441
What are the prime factors of 9261?
3, 7
List the prime factors of 103481.
7, 14783
What are the prime factors of 20805?
3, 5, 19, 73
List the prime factors of 234.
2, 3, 13
List the prime factors of 35171.
35171
What are the prime factors of 2453?
11, 223
List the prime factors of 41554.
2, 79, 263
What are the prime factors of 12130?
2, 5, 1213
What are the prime factors of 37952?
2, 593
List the prime factors of 52856.
2, 6607
List the prime factors of 131570.
2, 5, 59, 223
List the prime factors of 43832.
2, 5479
List the prime factors of 7225.
5, 17
What are the prime factors of 4089?
3, 29, 47
What are the prime factors of 2228?
2, 557
List the prime factors of 38288.
2, 2393
What are the prime factors of 69949?
11, 6359
List the prime factors of 3335.
5, 23, 29
What are the prime factors of 1115?
5, 223
What are the prime factors of 66885?
3, 5, 7, 13
List the prime factors of 13504.
2, 211
List the prime factors of 27431.
27431
What are the prime factors of 9562?
2, 7, 683
List the prime factors of 31069.
31069
List the prime factors of 1551.
3, 11, 47
List the prime factors of 3293.
37, 89
List the prime factors of 1570.
2, 5, 157
What are the prime factors of 1510?
2, 5, 151
What are the prime factors of 1098?
2, 3, 61
List the prime factors of 2721.
3, 907
List the prime factors of 2304.
2, 3
List the prime factors of 10684.
2, 2671
What are the prime factors of 451?
11, 41
List the prime factors of 193.
193
List the prime factors of 2702.
2, 7, 193
What are the prime factors of 31644?
2, 3, 293
List the prime factors of 17360.
2, 5, 7, 31
What are the prime factors of 35133?
3, 7, 239
What are the prime factors of 397?
397
List the prime factors of 61035.
3, 5, 13, 313
What are the prime factors of 75381?
3, 25127
List the prime factors of 2688.
2, 3, 7
List the prime factors of 29690.
2, 5, 2969
What are the prime factors of 9769?
9769
What are the prime factors of 2078?
2, 1039
What are the prime factors of 34714?
2, 17, 1021
List the prime factors of 3053.
43, 71
What are the prime factors of 12184?
2, 1523
List the prime factors of 7686.
2, 3, 7, 61
List the prime factors of 1116.
2, 3, 31
What are the prime factors of 33649?
7, 11, 19, 23
List the prime factors of 998.
2, 499
What are the prime factors of 72884?
2, 7, 19, 137
List the prime factors of 885.
3, 5, 59
List the prime factors of 24881.
139, 179
What are the prime factors of 9266?
2, 41, 113
List the prime factors of 3478.
2, 37, 47
List the prime factors of 7126.
2, 7, 509
What are the prime factors of 149355?
3, 5, 3319
List the prime factors of 2095.
5, 419
What are the prime factors of 337?
337
List the prime factors of 3739.
3739
List the prime factors of 6489.
3, 7, 103
List the prime factors of 48147.
3, 11, 1459
List the prime factors of 55421.
157, 353
List the prime factors of 54750.
2, 3, 5, 73
What are the prime factors of 1439?
1439
What are the prime factors of 1110?
2, 3, 5, 37
List the prime factors of 77813.
77813
What are the prime factors of 32420?
2, 5, 1621
List the prime factors of 71.
71
What are the prime factors of 201?
3, 67
List the prime factors of 3631.
3631
What are the prime factors of 2269?
2269
List the prime factors of 14512.
2, 907
List the prime factors of 5406.
2, 3, 17, 53
List the prime factors of 58.
2, 29
List the prime factors of 6370.
2, 5, 7, 13
List the prime factors of 1309.
7, 11, 17
What are the prime factors of 7991?
61, 131
List the prime factors of 47307.
3, 13, 1213
What are the prime factors of 4969?
4969
List the prime factors of 1869.
3, 7, 89
List the prime factors of 122145.
3, 5, 17, 479
What are the prime factors of 1392?
2, 3, 29
What are the prime factors of 3518?
2, 1759
What are the prime factors of 1388?
2, 347
List the prime factors of 51.
3, 17
List the prime factors of 26620.
2, 5, 11
What are the prime factors of 16124?
2, 29, 139
What are the prime factors of 10141?
10141
What are the prime factors of 3749?
23, 163
What are the prime factors of 24908?
2, 13, 479
List the prime factors of 9851.
9851
List the prime factors of 1932.
2, 3, 7, 23
What are the prime factors of 13150?
2, 5, 263
What are the prime factors of 2447?
2447
What are the prime factors of 2253?
3, 751
List the prime factors of 74074.
2, 7, 11, 13, 37
List the prime factors of 2537.
43, 59
What are the prime factors of 460?
2, 5, 23
What are the prime factors of 721?
7, 103
What are the prime factors of 878?
2, 439
List the prime factors of 104378.
2, 52189
What are the prime factors of 62188?
2, 7, 2221
List the prime factors of 1361.
1361
List the prime factors of 500.
2, 5
What are the prime factors of 663?
3, 13, 17
What are the prime factors of 7975?
5, 11, 29
List the prime factors of 1536.
2, 3
What are the prime fa